{"id":927,"date":"2025-08-29T01:25:58","date_gmt":"2025-08-28T22:25:58","guid":{"rendered":"https:\/\/hamefed.org\/?page_id=927"},"modified":"2025-10-08T00:21:41","modified_gmt":"2025-10-07T21:21:41","slug":"tuzugumuz","status":"publish","type":"page","link":"https:\/\/hamefed.org\/index.php\/tuzugumuz\/","title":{"rendered":"T\u00dcZ\u00dc\u011e\u00dcM\u00dcZ"},"content":{"rendered":"\t\t<div data-elementor-type=\"wp-page\" data-elementor-id=\"927\" class=\"elementor elementor-927\" data-elementor-post-type=\"page\">\n\t\t\t\t\t\t<section class=\"elementor-section elementor-top-section elementor-element elementor-element-51bc68d7 elementor-section-height-min-height elementor-section-boxed elementor-section-height-default elementor-section-items-middle\" data-id=\"51bc68d7\" data-element_type=\"section\" data-settings=\"{&quot;background_background&quot;:&quot;classic&quot;,&quot;shape_divider_bottom&quot;:&quot;mountains&quot;}\">\n\t\t\t\t\t\t\t<div class=\"elementor-background-overlay\"><\/div>\n\t\t\t\t\t\t<div class=\"elementor-shape elementor-shape-bottom\" aria-hidden=\"true\" data-negative=\"false\">\n\t\t\t<svg xmlns=\"http:\/\/www.w3.org\/2000\/svg\" viewBox=\"0 0 1000 100\" preserveAspectRatio=\"none\">\n\t<path class=\"elementor-shape-fill\" opacity=\"0.33\" d=\"M473,67.3c-203.9,88.3-263.1-34-320.3,0C66,119.1,0,59.7,0,59.7V0h1000v59.7 c0,0-62.1,26.1-94.9,29.3c-32.8,3.3-62.8-12.3-75.8-22.1C806,49.6,745.3,8.7,694.9,4.7S492.4,59,473,67.3z\"\/>\n\t<path class=\"elementor-shape-fill\" opacity=\"0.66\" d=\"M734,67.3c-45.5,0-77.2-23.2-129.1-39.1c-28.6-8.7-150.3-10.1-254,39.1 s-91.7-34.4-149.2,0C115.7,118.3,0,39.8,0,39.8V0h1000v36.5c0,0-28.2-18.5-92.1-18.5C810.2,18.1,775.7,67.3,734,67.3z\"\/>\n\t<path class=\"elementor-shape-fill\" d=\"M766.1,28.9c-200-57.5-266,65.5-395.1,19.5C242,1.8,242,5.4,184.8,20.6C128,35.8,132.3,44.9,89.9,52.5C28.6,63.7,0,0,0,0 h1000c0,0-9.9,40.9-83.6,48.1S829.6,47,766.1,28.9z\"\/>\n<\/svg>\t\t<\/div>\n\t\t\t\t\t<div class=\"elementor-container elementor-column-gap-default\">\n\t\t\t\t\t<div class=\"elementor-column elementor-col-100 elementor-top-column elementor-element elementor-element-44e331a4\" data-id=\"44e331a4\" data-element_type=\"column\">\n\t\t\t<div class=\"elementor-widget-wrap elementor-element-populated\">\n\t\t\t\t\t\t<div class=\"elementor-element elementor-element-4a9de203 elementor-widget__width-initial elementor-absolute elementor-widget elementor-widget-image\" data-id=\"4a9de203\" data-element_type=\"widget\" data-settings=\"{&quot;_position&quot;:&quot;absolute&quot;}\" data-widget_type=\"image.default\">\n\t\t\t\t<div class=\"elementor-widget-container\">\n\t\t\t\t\t\t\t\t\t\t\t\t\t\t\t<img fetchpriority=\"high\" decoding=\"async\" width=\"293\" height=\"325\" src=\"https:\/\/hamefed.org\/wp-content\/uploads\/2025\/08\/imgi_33_spade-1.png\" class=\"attachment-large size-large wp-image-598\" alt=\"\" \/>\t\t\t\t\t\t\t\t\t\t\t\t\t\t\t<\/div>\n\t\t\t\t<\/div>\n\t\t\t\t<div class=\"elementor-element elementor-element-6ac43836 elementor-widget__width-inherit elementor-widget elementor-widget-heading\" data-id=\"6ac43836\" data-element_type=\"widget\" data-widget_type=\"heading.default\">\n\t\t\t\t<div class=\"elementor-widget-container\">\n\t\t\t\t\t<h2 class=\"elementor-heading-title elementor-size-default\">HAMEFED<\/h2>\t\t\t\t<\/div>\n\t\t\t\t<\/div>\n\t\t\t\t<div class=\"elementor-element elementor-element-308668fc elementor-widget elementor-widget-heading\" data-id=\"308668fc\" data-element_type=\"widget\" data-widget_type=\"heading.default\">\n\t\t\t\t<div class=\"elementor-widget-container\">\n\t\t\t\t\t<h2 class=\"elementor-heading-title elementor-size-default\">T\u00dcZ\u00dc\u011e\u00dcM\u00dcZ<\/h2>\t\t\t\t<\/div>\n\t\t\t\t<\/div>\n\t\t\t\t\t<\/div>\n\t\t<\/div>\n\t\t\t\t\t<\/div>\n\t\t<\/section>\n\t\t\t\t<section class=\"elementor-section elementor-top-section elementor-element elementor-element-790529b4 elementor-section-boxed elementor-section-height-default elementor-section-height-default\" data-id=\"790529b4\" data-element_type=\"section\">\n\t\t\t\t\t\t<div class=\"elementor-container elementor-column-gap-default\">\n\t\t\t\t\t<div class=\"elementor-column elementor-col-100 elementor-top-column elementor-element elementor-element-22422c2d\" data-id=\"22422c2d\" data-element_type=\"column\" data-settings=\"{&quot;background_background&quot;:&quot;classic&quot;}\">\n\t\t\t<div class=\"elementor-widget-wrap elementor-element-populated\">\n\t\t\t\t\t\t<div class=\"elementor-element elementor-element-f35f939 elementor-widget__width-initial elementor-widget-mobile__width-initial elementor-widget elementor-widget-image\" data-id=\"f35f939\" data-element_type=\"widget\" data-widget_type=\"image.default\">\n\t\t\t\t<div class=\"elementor-widget-container\">\n\t\t\t\t\t\t\t\t\t\t\t\t\t\t\t<img decoding=\"async\" src=\"https:\/\/hamefed.org\/wp-content\/uploads\/2025\/08\/HAMEF-LOGO-1-1.png\" class=\"attachment-full size-full wp-image-1002\" alt=\"\" \/>\t\t\t\t\t\t\t\t\t\t\t\t\t\t\t<\/div>\n\t\t\t\t<\/div>\n\t\t\t\t<div class=\"elementor-element elementor-element-12f89e15 elementor-widget elementor-widget-text-editor\" data-id=\"12f89e15\" data-element_type=\"widget\" data-widget_type=\"text-editor.default\">\n\t\t\t\t<div class=\"elementor-widget-container\">\n\t\t\t\t\t\t\t\t\t<h5><strong style=\"font-family: -apple-system, BlinkMacSystemFont, 'Segoe UI', Roboto, 'Helvetica Neue', Arial, 'Noto Sans', sans-serif, 'Apple Color Emoji', 'Segoe UI Emoji', 'Segoe UI Symbol', 'Noto Color Emoji'; font-size: 1rem;\" data-start=\"99\" data-end=\"110\">KURULU\u015e<\/strong><\/h5><p data-start=\"112\" data-end=\"419\">Madde 1 &#8211; Kurulu\u015f amac\u0131 benzer olan ve \u201cKurucular\u201d maddesinde ad\u0131 ge\u00e7en dernekler, daha sonra \u201cHATAY MEDEN\u0130YETLER\u0130 FEDERASYONU\u201d ad\u0131yla federasyon kurmu\u015flard\u0131r. Federasyonun genel merkezi \u0130stanbul\u2019dad\u0131r.<br data-start=\"314\" data-end=\"317\" \/>T\u00fcz\u00fck maddelerinde ge\u00e7en \u201cFederasyon\u201d s\u00f6zc\u00fc\u011f\u00fc \u201cHATAY MEDEN\u0130YETLER\u0130 FEDERASYONU\u201d yerine kullan\u0131lm\u0131\u015ft\u0131r.<\/p><p><strong data-start=\"421\" data-end=\"551\">Federasyonun Amac\u0131 ve Bu Amac\u0131 Ger\u00e7ekle\u015ftirmek \u0130\u00e7in Federasyonca S\u00fcrd\u00fcr\u00fclecek \u00c7al\u0131\u015fma Konular\u0131 ve Bi\u00e7imleri ile Faaliyet Alan\u0131<\/strong><\/p><p data-start=\"553\" data-end=\"1079\"><strong data-start=\"553\" data-end=\"561\">AMA\u00c7<\/strong><br data-start=\"561\" data-end=\"564\" \/>Federasyonun amac\u0131, di\u011fer demeklerin hizmet sundu\u011fu do\u011fal ve kay\u0131tl\u0131 \u00fcyelerin; k\u00fclt\u00fcrel, sanatsal ve ekonomik d\u00fczeylerini y\u00fckseltmek, toplum bilincini ve bilgilerini geli\u015ftirmek, k\u00fclt\u00fcr de\u011ferlerini derlemek, korumak, yay\u0131nlamak ve k\u00fclt\u00fcrel zenginlikleri T\u00fcrk ve d\u00fcnya kamuoyuna tan\u0131tmakt\u0131r, b\u00f6lgeler aras\u0131ndaki dostlu\u011fu ve i\u015fbirli\u011fini s\u00fcrd\u00fcrmek, toplumun sorunlar\u0131na kar\u015f\u0131 \u00e7\u00f6z\u00fcmleri \u00fcretmek; toplumlar\u0131n ya\u015fad\u0131klar\u0131 di\u011fer \u00fclkelerdeki sosyal, k\u00fclt\u00fcrel ve ekonomik i\u015fbirli\u011fini g\u00fc\u00e7lendirecek faaliyetlerde bulunmakt\u0131r.<\/p><p data-start=\"1081\" data-end=\"1672\"><strong data-start=\"1081\" data-end=\"1101\">\u00c7ALI\u015eMA \u0130LKELER\u0130<\/strong><br data-start=\"1101\" data-end=\"1104\" \/>Madde 3 &#8211; Federasyon, t\u00fcm \u00e7al\u0131\u015fmalar\u0131n\u0131 Anayasaya, kanunlara, uluslararas\u0131 anla\u015fmalara, evrensel hukuk kurallar\u0131na ve insan haklar\u0131na ba\u011fl\u0131 olarak y\u00fcr\u00fct\u00fcr. \u0130nsan haklar\u0131n\u0131n ulusal ve uluslararas\u0131 d\u00fczeyde geli\u015fmesine katk\u0131da bulunur. Bu ama\u00e7la kamu kurulu\u015flar\u0131 ve di\u011fer sivil toplum kurulu\u015flar\u0131 ile i\u015fbirli\u011fi yapar. T\u00fcrkiye\u2019de ve \u00e7e\u015fitli \u00fclkelerde ya\u015fayan topluluklar\u0131n\u0131n, ya\u015fad\u0131klar\u0131 \u00fclkeler aras\u0131nda dostluk ve bar\u0131\u015f k\u00f6pr\u00fcs\u00fc olu\u015fturacak \u00e7al\u0131\u015fmalar yapmay\u0131, sosyal, k\u00fclt\u00fcrel ve ekonomik i\u015fbirli\u011fini geli\u015ftirdi\u011fi \u00f6l\u00e7\u00fcde, bu dostluk ili\u015fkisini g\u00fc\u00e7lendirece\u011fine inan\u0131r&#8230;<\/p><p data-start=\"1674\" data-end=\"2197\"><strong data-start=\"1674\" data-end=\"1694\">\u00c7ALI\u015eMA KONULARI<\/strong><br data-start=\"1694\" data-end=\"1697\" \/>Madde 4) Federasyon, yukar\u0131da yaz\u0131l\u0131 ama\u00e7 ve ilkeleri geli\u015ftirmek i\u00e7in a) \u00dcye demekler aras\u0131nda koordinasyonu sa\u011flar<br data-start=\"1813\" data-end=\"1816\" \/>b) \u00dcye demekler tek ba\u015flar\u0131na ger\u00e7ekle\u015ftirilmeyecekleri geni\u015f kat\u0131l\u0131ml\u0131 k\u00fclt\u00fcrel etkinlikleri planlay\u0131p \u00fcye demeklerle birlikte ger\u00e7ekle\u015ftirir.<br data-start=\"1959\" data-end=\"1962\" \/>c) Federasyon, uluslararas\u0131 k\u00fclt\u00fcrler, seminerler, konferanslar, paneller gibi k\u00fclt\u00fcrel etkinliklere uygun ortamlar d\u00fczenler, di\u011fer kurum ve kurulu\u015flar taraf\u0131ndan d\u00fczenlenen ve federasyona anlaml\u0131 ve uygun g\u00f6r\u00fclen etkinliklere kat\u0131l\u0131r.<\/p><p><span style=\"font-family: -apple-system, BlinkMacSystemFont, 'Segoe UI', Roboto, 'Helvetica Neue', Arial, 'Noto Sans', sans-serif, 'Apple Color Emoji', 'Segoe UI Emoji', 'Segoe UI Symbol', 'Noto Color Emoji'; font-size: 1rem;\">d)<\/span>\u00a0Yetkili mercilerden izin almak suretiyle yurt d\u0131\u015f\u0131nda kurulmu\u015f bulunan dernek, federasyon ve konfederasyonlarla ortak k\u00fclt\u00fcrel faaliyetler d\u00fczenler, konfederasyonlara \u00fcye olabilir.<\/p><p><span style=\"font-family: -apple-system, BlinkMacSystemFont, 'Segoe UI', Roboto, 'Helvetica Neue', Arial, 'Noto Sans', sans-serif, 'Apple Color Emoji', 'Segoe UI Emoji', 'Segoe UI Symbol', 'Noto Color Emoji'; font-size: 1rem;\">k)<\/span>\u00a0\u0130nsan haklar\u0131 ve \u00f6zg\u00fcrl\u00fcklerine sayg\u0131l\u0131, laik ve demokratik cumhuriyet ilkelerine ve \u00fclkenin b\u00f6l\u00fcnmez b\u00fct\u00fcnl\u00fc\u011f\u00fcne ba\u011fl\u0131, \u00e7o\u011fulcu ve kat\u0131l\u0131mc\u0131 vatanda\u015flar\u0131n olu\u015fturdu\u011fu demokrat bir sivil toplum \u00f6rg\u00fct\u00fc olarak, \u00fcyelerinin ortak kimli\u011fine yara\u015f\u0131r ve topluma \u00f6rnek olacak bi\u00e7imde ya\u015famalar\u0131 i\u00e7in her t\u00fcrl\u00fc e\u011fitsel \u00e7al\u0131\u015fmalarda bulunur.<\/p><p><span style=\"font-family: -apple-system, BlinkMacSystemFont, 'Segoe UI', Roboto, 'Helvetica Neue', Arial, 'Noto Sans', sans-serif, 'Apple Color Emoji', 'Segoe UI Emoji', 'Segoe UI Symbol', 'Noto Color Emoji'; font-size: 1rem;\">\u0131)<\/span>\u00a0Gerekti\u011finde \u00e7e\u015fitli uzmanl\u0131k komisyonlar\u0131 ve \u00e7al\u0131\u015fma gruplar\u0131 olu\u015fturur. Federasyonun ama\u00e7 ve ilkelerine uygun olarak \u00e7al\u0131\u015fmak \u00fczere Kamu Kurulu\u015flar\u0131 ve Sivil Toplum Kurulu\u015flar\u0131 taraf\u0131ndan olu\u015fturulan Kurul, Komisyon ve \u00c7al\u0131\u015fma Gruplar\u0131na kat\u0131lmak, temsilci bulundurmak, g\u00f6r\u00fc\u015f ve \u00f6neriler bildirmek suretiyle katk\u0131da bulunur.<\/p><p><span style=\"font-family: -apple-system, BlinkMacSystemFont, 'Segoe UI', Roboto, 'Helvetica Neue', Arial, 'Noto Sans', sans-serif, 'Apple Color Emoji', 'Segoe UI Emoji', 'Segoe UI Symbol', 'Noto Color Emoji'; font-size: 1rem;\">m)<\/span>\u00a0\u00dcye derneklerin yiyecek, i\u00e7ecek, giyecek vb. zaruri maddelerini ve di\u011fer mal ve hizmetler ile k\u0131sa vadeli kredi ihtiya\u00e7lar\u0131n\u0131 kar\u015f\u0131lamak amac\u0131yla sand\u0131k kurmak.<\/p><p><span style=\"font-family: -apple-system, BlinkMacSystemFont, 'Segoe UI', Roboto, 'Helvetica Neue', Arial, 'Noto Sans', sans-serif, 'Apple Color Emoji', 'Segoe UI Emoji', 'Segoe UI Symbol', 'Noto Color Emoji'; font-size: 1rem;\">n)<\/span>\u00a0Federasyon ama\u00e7lar\u0131yla ilgisi bulunan ve kanunlarla yasaklanmayan alanlarda di\u011fer federasyon, vak\u0131f ve sendikalar ile platform olu\u015fturmak.<\/p><p><span style=\"font-family: -apple-system, BlinkMacSystemFont, 'Segoe UI', Roboto, 'Helvetica Neue', Arial, 'Noto Sans', sans-serif, 'Apple Color Emoji', 'Segoe UI Emoji', 'Segoe UI Symbol', 'Noto Color Emoji'; font-size: 1rem;\">o)<\/span>\u00a0T\u00fcz\u00fck ama\u00e7lar\u0131n\u0131n ger\u00e7ekle\u015ftirilebilmesi i\u00e7in ihtiya\u00e7 duyulan gelirleri temin etmek amac\u0131yla iktisadi, ticari ve sanayi tesisleri kurmak, \u015firket kurmak veya kurulu olanlar\u0131 sat\u0131n almak veya ortak olmak.<\/p><h6><b>\u00dcYEL\u0130K<\/b><\/h6><p><strong>Madde 5)<\/strong> Federasyonun ama\u00e7 ve \u00e7al\u0131\u015fma ilkelerini benimseyen Derneklerin her biri Federasyona \u00fcye olarak kat\u0131labilir.<\/p><p>Federasyona kurucu \u00fcye olmak ya da sonradan kat\u0131lmak i\u00e7in dernek genel kurulunda bu do\u011frultuda karar al\u0131nm\u0131\u015f ve y\u00f6netim kuruluna yetki verilmi\u015f olmas\u0131 gerekir.<\/p><p>Federasyona sonradan \u00fcye olmak isteyen derneklerin, federasyona kat\u0131lmaya ve y\u00f6netim kurulunun yetkilendirildi\u011fine dair genel kurul karar\u0131n\u0131 ekleyerek Federasyon Y\u00f6netim Kuruluna yaz\u0131l\u0131 olarak m\u00fcracaat etmeleri gerekir.<\/p><p>Federasyon Y\u00f6netim Kurulu, \u00fcyelik ba\u015fvurusunu en ge\u00e7 ba\u015fvurunun al\u0131nd\u0131\u011f\u0131 tarihi izleyen 30 g\u00fcn i\u00e7inde yapaca\u011f\u0131 ilk toplant\u0131da karara ba\u011flar ve 10 g\u00fcn i\u00e7erisinde de \u00fcyelik karar\u0131n\u0131 yaz\u0131l\u0131 olarak ba\u015fvuru sahibi derne\u011fe bildirerek \u00fcyelik defterine kayd\u0131n\u0131 yapar.<\/p><p>Federasyona \u00fcye olan dernekler t\u00fczel ki\u015filiklerini ve mal varl\u0131klar\u0131n\u0131 korurlar. \u00dcye dernekler, federasyon t\u00fcz\u00fc\u011f\u00fcnde belirtilen ama\u00e7 ve ilkelere ters d\u00fc\u015fmemek kayd\u0131yla kendi t\u00fcz\u00fcklerinde kay\u0131tl\u0131 \u00e7al\u0131\u015fmalar\u0131 serbest\u00e7e yapabilirler.<\/p><h6><b>\u00dcYEN\u0130N HAKLARI VE \u00d6DEVLER\u0130<\/b><\/h6><p><strong>Madde 6)<\/strong> Federasyonda \u00fcye dernekler e\u015fit haklara sahiptir. Her \u00fcye dernek, Federasyon Genel Kuruluna bu t\u00fcz\u00fc\u011f\u00fcn ilgili maddelerine g\u00f6re belirlenen delegeleri ile kat\u0131lma, oy kullanma, se\u00e7me ve se\u00e7ilme hakk\u0131na sahiptir. Delegeler oylar\u0131n\u0131 bizzat kullan\u0131rlar. \u00dcye bir derne\u011fi ilgilendiren hukuki i\u015flem veya uyu\u015fmazl\u0131k konusu oylan\u0131rken, o \u00fcye dernek oy kullanamaz.<\/p><p>\u00dcye dernekler, yasa, t\u00fcz\u00fck ve y\u00f6netmeliklere ve genel kararlara uymak, yetkili kurullarca verilen g\u00f6revleri yapmak ve t\u00fcz\u00fckte belirlenen \u00f6dentilerini d\u00fczenli bir bi\u00e7imde \u00f6demek, Federasyonun ama\u00e7lar\u0131na uygun davranmak ve ama\u00e7lar\u0131n ger\u00e7ekle\u015fmesini zorla\u015ft\u0131r\u0131c\u0131 davran\u0131\u015flardan ka\u00e7\u0131nmakla y\u00fck\u00fcml\u00fcd\u00fcrler.<\/p><p>\u00dcyelikten \u00e7\u0131kan veya \u00e7\u0131kar\u0131lan dernekler, ili\u015fik kesme tarihine kadar ki t\u00fcm mali y\u00fck\u00fcml\u00fcl\u00fcklerini yerine getirmekle y\u00fck\u00fcml\u00fcd\u00fcrler. Bu y\u00fck\u00fcml\u00fcl\u00fcklerini yerine getirmeyen derneklerin bor\u00e7lar\u0131 genel h\u00fck\u00fcmlere g\u00f6re tahsil edilir.<\/p><p>Federasyon \u00fcyeli\u011finden \u00e7\u0131kan veya \u00e7\u0131kar\u0131lan \u00fcye dernekler, federasyonun mal varl\u0131\u011f\u0131 \u00fczerinde hak talebinde bulunamazlar.<\/p><h6><b>\u00dcYEL\u0130\u011e\u0130N Y\u0130T\u0130R\u0130LMES\u0130<\/b><\/h6><p><strong>Madde 7)<\/strong> Federasyon \u00fcyeli\u011fi \u00fc\u00e7 \u015fekilde sona erer:<\/p><p>a) \u00dcyelik i\u00e7in, Dernekler Kanunu ve Medeni Kanunda aranan nitelikleri sonradan kaybeden veya Dernekler Yasas\u0131nda belirtilen yasak faaliyetlerde bulunan \u00fcye derne\u011fin \u00fcyeli\u011fi kendili\u011finden sona erer.<\/p><p>b) \u00dcye dernek, kendi genel kurulunda dernek t\u00fcz\u00fc\u011f\u00fcne uygun \u015fekilde alaca\u011f\u0131 \u00e7\u0131kma karar\u0131n\u0131 Federasyona ibrazla Federasyon \u00fcyeli\u011finden ayr\u0131labilir.<\/p><p>c) Federasyonun ama\u00e7lar\u0131na ve temel ilkelerine ayk\u0131r\u0131 davran\u0131\u015fta bulunan \u00fcye dernek, Onur Kurulunun \u00f6nerisi ile Federasyon Ba\u015fkanlar Kurulunun g\u00f6r\u00fc\u015f\u00fc de al\u0131narak, Y\u00f6netim Kurulu taraf\u0131ndan \u00fcyelikten \u00e7\u0131kar\u0131labilir. \u00c7\u0131karma karar\u0131na kar\u015f\u0131 Genel Kurulda itiraz edilebilir. Genel Kurulun karar\u0131 kesindir.<\/p><h6><b>ORGANLAR<\/b><\/h6><p><strong>Madde 8)<\/strong> Federasyonun organlar\u0131 \u015funlard\u0131r:<br \/>a) Genel Kurul<br \/>b) Y\u00f6netim Kurulu<br \/>c) Denetleme Kurulu<\/p><p><a style=\"background-color: #edeeef; font-family: -apple-system, BlinkMacSystemFont, 'Segoe UI', Roboto, 'Helvetica Neue', Arial, 'Noto Sans', sans-serif, 'Apple Color Emoji', 'Segoe UI Emoji', 'Segoe UI Symbol', 'Noto Color Emoji'; font-size: 1rem;\" href=\"http:\/\/tel:0212 852 31 31\" target=\"_blank\" rel=\"noopener\" data-wplink-url-error=\"true\">\ud83d\udcde Tel: 0212 852 31 31<\/a><\/p><p>\ud83d\udccd Adres: Paradise Mall, Adnan Kahveci, Yavuz Sultan Selim Blv. No:6 Kat:3, D:61, 34528 Beylikd\u00fcz\u00fc \/ \u0130stanbul, T\u00fcrkiye<\/p>\t\t\t\t\t\t\t\t<\/div>\n\t\t\t\t<\/div>\n\t\t\t\t\t<\/div>\n\t\t<\/div>\n\t\t\t\t\t<\/div>\n\t\t<\/section>\n\t\t\t\t<\/div>\n\t\t","protected":false},"excerpt":{"rendered":"<p>HAMEFED T\u00dcZ\u00dc\u011e\u00dcM\u00dcZ KURULU\u015e Madde 1 &#8211; Kurulu\u015f amac\u0131 benzer olan ve \u201cKurucular\u201d maddesinde ad\u0131 ge\u00e7en dernekler, daha sonra \u201cHATAY MEDEN\u0130YETLER\u0130 FEDERASYONU\u201d ad\u0131yla federasyon kurmu\u015flard\u0131r. Federasyonun genel merkezi \u0130stanbul\u2019dad\u0131r.T\u00fcz\u00fck maddelerinde ge\u00e7en \u201cFederasyon\u201d s\u00f6zc\u00fc\u011f\u00fc \u201cHATAY MEDEN\u0130YETLER\u0130 FEDERASYONU\u201d yerine kullan\u0131lm\u0131\u015ft\u0131r. Federasyonun Amac\u0131 ve Bu Amac\u0131 Ger\u00e7ekle\u015ftirmek \u0130\u00e7in Federasyonca S\u00fcrd\u00fcr\u00fclecek \u00c7al\u0131\u015fma Konular\u0131 ve Bi\u00e7imleri ile Faaliyet Alan\u0131 AMA\u00c7Federasyonun amac\u0131, [&hellip;]<\/p>\n","protected":false},"author":2,"featured_media":0,"parent":0,"menu_order":0,"comment_status":"closed","ping_status":"closed","template":"","meta":{"footnotes":""},"class_list":["post-927","page","type-page","status-publish","hentry"],"_links":{"self":[{"href":"https:\/\/hamefed.org\/index.php\/wp-json\/wp\/v2\/pages\/927","targetHints":{"allow":["GET"]}}],"collection":[{"href":"https:\/\/hamefed.org\/index.php\/wp-json\/wp\/v2\/pages"}],"about":[{"href":"https:\/\/hamefed.org\/index.php\/wp-json\/wp\/v2\/types\/page"}],"author":[{"embeddable":true,"href":"https:\/\/hamefed.org\/index.php\/wp-json\/wp\/v2\/users\/2"}],"replies":[{"embeddable":true,"href":"https:\/\/hamefed.org\/index.php\/wp-json\/wp\/v2\/comments?post=927"}],"version-history":[{"count":63,"href":"https:\/\/hamefed.org\/index.php\/wp-json\/wp\/v2\/pages\/927\/revisions"}],"predecessor-version":[{"id":2210,"href":"https:\/\/hamefed.org\/index.php\/wp-json\/wp\/v2\/pages\/927\/revisions\/2210"}],"wp:attachment":[{"href":"https:\/\/hamefed.org\/index.php\/wp-json\/wp\/v2\/media?parent=927"}],"curies":[{"name":"wp","href":"https:\/\/api.w.org\/{rel}","templated":true}]}}