{"id":894,"date":"2025-08-29T00:43:11","date_gmt":"2025-08-28T21:43:11","guid":{"rendered":"https:\/\/hamefed.org\/?page_id=894"},"modified":"2025-09-14T15:20:03","modified_gmt":"2025-09-14T12:20:03","slug":"resmi-aciklama","status":"publish","type":"page","link":"https:\/\/hamefed.org\/index.php\/resmi-aciklama\/","title":{"rendered":"RESM\u0130 A\u00c7IKLAMA"},"content":{"rendered":"\t\t<div data-elementor-type=\"wp-page\" data-elementor-id=\"894\" class=\"elementor elementor-894\" data-elementor-post-type=\"page\">\n\t\t\t\t\t\t<section class=\"elementor-section elementor-top-section elementor-element elementor-element-3aa7e6a4 elementor-section-height-min-height elementor-section-boxed elementor-section-height-default elementor-section-items-middle\" data-id=\"3aa7e6a4\" data-element_type=\"section\" data-settings=\"{&quot;background_background&quot;:&quot;classic&quot;,&quot;shape_divider_bottom&quot;:&quot;mountains&quot;}\">\n\t\t\t\t\t\t\t<div class=\"elementor-background-overlay\"><\/div>\n\t\t\t\t\t\t<div class=\"elementor-shape elementor-shape-bottom\" aria-hidden=\"true\" data-negative=\"false\">\n\t\t\t<svg xmlns=\"http:\/\/www.w3.org\/2000\/svg\" viewBox=\"0 0 1000 100\" preserveAspectRatio=\"none\">\n\t<path class=\"elementor-shape-fill\" opacity=\"0.33\" d=\"M473,67.3c-203.9,88.3-263.1-34-320.3,0C66,119.1,0,59.7,0,59.7V0h1000v59.7 c0,0-62.1,26.1-94.9,29.3c-32.8,3.3-62.8-12.3-75.8-22.1C806,49.6,745.3,8.7,694.9,4.7S492.4,59,473,67.3z\"\/>\n\t<path class=\"elementor-shape-fill\" opacity=\"0.66\" d=\"M734,67.3c-45.5,0-77.2-23.2-129.1-39.1c-28.6-8.7-150.3-10.1-254,39.1 s-91.7-34.4-149.2,0C115.7,118.3,0,39.8,0,39.8V0h1000v36.5c0,0-28.2-18.5-92.1-18.5C810.2,18.1,775.7,67.3,734,67.3z\"\/>\n\t<path class=\"elementor-shape-fill\" d=\"M766.1,28.9c-200-57.5-266,65.5-395.1,19.5C242,1.8,242,5.4,184.8,20.6C128,35.8,132.3,44.9,89.9,52.5C28.6,63.7,0,0,0,0 h1000c0,0-9.9,40.9-83.6,48.1S829.6,47,766.1,28.9z\"\/>\n<\/svg>\t\t<\/div>\n\t\t\t\t\t<div class=\"elementor-container elementor-column-gap-default\">\n\t\t\t\t\t<div class=\"elementor-column elementor-col-100 elementor-top-column elementor-element elementor-element-2978990e\" data-id=\"2978990e\" data-element_type=\"column\">\n\t\t\t<div class=\"elementor-widget-wrap elementor-element-populated\">\n\t\t\t\t\t\t<div class=\"elementor-element elementor-element-27d50dbb elementor-widget__width-initial elementor-absolute elementor-widget elementor-widget-image\" data-id=\"27d50dbb\" data-element_type=\"widget\" data-settings=\"{&quot;_position&quot;:&quot;absolute&quot;}\" data-widget_type=\"image.default\">\n\t\t\t\t<div class=\"elementor-widget-container\">\n\t\t\t\t\t\t\t\t\t\t\t\t\t\t\t<img fetchpriority=\"high\" decoding=\"async\" width=\"293\" height=\"325\" src=\"https:\/\/hamefed.org\/wp-content\/uploads\/2025\/08\/imgi_33_spade-1.png\" class=\"attachment-large size-large wp-image-598\" alt=\"\" \/>\t\t\t\t\t\t\t\t\t\t\t\t\t\t\t<\/div>\n\t\t\t\t<\/div>\n\t\t\t\t<div class=\"elementor-element elementor-element-419931b2 elementor-widget__width-inherit elementor-widget elementor-widget-heading\" data-id=\"419931b2\" data-element_type=\"widget\" data-widget_type=\"heading.default\">\n\t\t\t\t<div class=\"elementor-widget-container\">\n\t\t\t\t\t<h2 class=\"elementor-heading-title elementor-size-default\">HAMEFED<\/h2>\t\t\t\t<\/div>\n\t\t\t\t<\/div>\n\t\t\t\t<div class=\"elementor-element elementor-element-6b494d39 elementor-widget elementor-widget-heading\" data-id=\"6b494d39\" data-element_type=\"widget\" data-widget_type=\"heading.default\">\n\t\t\t\t<div class=\"elementor-widget-container\">\n\t\t\t\t\t<h2 class=\"elementor-heading-title elementor-size-default\">FEDERASYON A\u00c7IKLAMAMIZ<\/h2>\t\t\t\t<\/div>\n\t\t\t\t<\/div>\n\t\t\t\t\t<\/div>\n\t\t<\/div>\n\t\t\t\t\t<\/div>\n\t\t<\/section>\n\t\t\t\t<section class=\"elementor-section elementor-top-section elementor-element elementor-element-22ce6460 elementor-section-boxed elementor-section-height-default elementor-section-height-default\" data-id=\"22ce6460\" data-element_type=\"section\">\n\t\t\t\t\t\t<div class=\"elementor-container elementor-column-gap-default\">\n\t\t\t\t\t<div class=\"elementor-column elementor-col-100 elementor-top-column elementor-element elementor-element-1bf48c54\" data-id=\"1bf48c54\" data-element_type=\"column\" data-settings=\"{&quot;background_background&quot;:&quot;classic&quot;}\">\n\t\t\t<div class=\"elementor-widget-wrap elementor-element-populated\">\n\t\t\t\t\t\t<div class=\"elementor-element elementor-element-ccc6f98 elementor-widget-mobile__width-initial elementor-widget__width-initial elementor-widget elementor-widget-image\" data-id=\"ccc6f98\" data-element_type=\"widget\" data-widget_type=\"image.default\">\n\t\t\t\t<div class=\"elementor-widget-container\">\n\t\t\t\t\t\t\t\t\t\t\t\t\t\t\t<img decoding=\"async\" src=\"https:\/\/hamefed.org\/wp-content\/uploads\/2025\/08\/HAMEF-LOGO-1-1.png\" class=\"attachment-full size-full wp-image-1002\" alt=\"\" \/>\t\t\t\t\t\t\t\t\t\t\t\t\t\t\t<\/div>\n\t\t\t\t<\/div>\n\t\t\t\t<div class=\"elementor-element elementor-element-122512a4 elementor-widget elementor-widget-text-editor\" data-id=\"122512a4\" data-element_type=\"widget\" data-widget_type=\"text-editor.default\">\n\t\t\t\t<div class=\"elementor-widget-container\">\n\t\t\t\t\t\t\t\t\t<p><b>\u00c7OK KIYMETL\u0130 HEM\u015eEHR\u0130LER\u0130M\u0130ZE VE SAYGI DE\u011eER KAMUOYUNA<br \/>\u00a0 \u00a0 \u00a0 \u00a0 \u00a0 \u00a0 \u00a0 \u00a0 \u00a0 \u00a0 \u00a0 \u00a0 \u00a0 \u00a0 \u00a0 \u00a0 \u00a0 \u00a0 \u00a0 \u00a0 \u00a0 \u00a0 \u00a0<\/b><\/p><p><b>HATAY MEDEN\u0130YETLER FEDERASYONUMUZUN KURULU\u015e M\u00dcJDES\u0130N\u0130 VERMEKTEN ONUR DUYARIZ\u2026<\/b><\/p><p>\u00d6ncelikle \u015fu hususu \u00f6nemle belirtmek isteriz ki; kurulu\u015f amac\u0131m\u0131z, vizyonumuz ve misyonumuzla t\u00fcm hem\u015fehrilerimizin hizmetinde olmay\u0131 g\u00f6rev biliyoruz.<\/p><p>Bizler medeniyetlerin be\u015fi\u011finden geldik, bizler o kadim kentin \u00e7ocuklar\u0131 olarak; bin y\u0131llard\u0131r karde\u015fli\u011fin ve bar\u0131\u015f\u0131n sembol\u00fc olmu\u015f Hatay\u2019\u0131n ho\u015fg\u00f6r\u00fcs\u00fcn\u00fc, t\u00fcm farkl\u0131l\u0131klar\u0131yla bir arada huzurla ya\u015fayabilme k\u00fclt\u00fcr\u00fcn\u00fc, \u00c7AN\u2013EZAN\u2013HAZZAN karde\u015fli\u011fini anlatabilmek, tan\u0131tabilmek ve bu de\u011ferleri toplumun t\u00fcm kesimlerine bar\u0131\u015f ve karde\u015flik \u00e7a\u011fr\u0131lar\u0131 yaparak yaymak istiyoruz.<\/p><p>Hi\u00e7bir ayr\u0131m yapmaks\u0131z\u0131n \u0130stanbul\u2019da ya\u015fayan t\u00fcm Hatayl\u0131 hem\u015fehrilerimizle m\u00fcmk\u00fcn oldu\u011funca ileti\u015fim a\u011f\u0131m\u0131z\u0131 g\u00fc\u00e7lendirecek ve s\u0131k\u0131nt\u0131ya d\u00fc\u015ft\u00fckleri herhangi bir konuda yaln\u0131z olmad\u0131klar\u0131n\u0131 hissettirecek olan \u00e7\u00f6z\u00fcmler sunabilmek \u00f6ncelikli hedeflerimizdendir.<\/p><p>Hem\u015fehrilerimizin m\u00fcmk\u00fcn oldu\u011funca bir arada bulunup bulu\u015fmalar\u0131n\u0131 sa\u011flamak bir di\u011fer hedefimizdir. Bizler, asr\u0131n felaketinden kurtulup \u0130stanbul gibi metropol bir kentte e\u011fitim g\u00f6ren \u00fcniversiteli evlatlar\u0131m\u0131z\u0131n en temel ihtiya\u00e7lar\u0131nda yanlar\u0131nda olmay\u0131 bor\u00e7 biliriz. \u00c7ocuklar\u0131m\u0131z\u0131n e\u011fitimlerine sahip \u00e7\u0131kmak, eksikliklerinde imkanlar arat\u0131lmadan destek olmak \u00f6ncelikle \u00fcniversite \u00e7a\u011f\u0131nda olan gen\u00e7lerimize burs, yard\u0131m ve benzeri maddi manevi katk\u0131larda bulunmak istiyoruz.<\/p><p>Gerek \u0130stanbul genelinde, gerekse yak\u0131n il ve il\u00e7elerde yap\u0131lacak etkinlikler vas\u0131tas\u0131yla Hatay\u2019\u0131m\u0131z\u0131n gelenek g\u00f6renek ve k\u00fclt\u00fcr\u00fcn\u00fc tan\u0131tmak istiyoruz. Kentimizin e\u015fsiz gastronomik zenginliklerinden t\u00fcm insanlar\u0131m\u0131z\u0131n faydalanmas\u0131n\u0131 istiyoruz. \u0130stanbul\u2019un t\u00fcm il\u00e7e belediyeleri ve yerel y\u00f6netimleri ile merkezi h\u00fck\u00fcmetin temsilcileri olan m\u00fclki amirlerimizle, t\u00fcm kurum ve kurulu\u015flarla ileti\u015fim halinde olmak, Hatay ile ilgili her konuda katk\u0131 sunmak, katk\u0131 sa\u011flamak, kentimizin yarar\u0131na etkinlikler d\u00fczenlemek \u00f6nemli g\u00f6revlerimizden olacakt\u0131r.<\/p><p>Hatayl\u0131 depremzede esnaf\u0131m\u0131za can suyu olmak, onlara sahip \u00e7\u0131kmak, \u00fcr\u00fcnlerini ve hizmetlerini \u0130stanbullularla bulu\u015fturmak ayr\u0131cal\u0131kl\u0131 g\u00f6revlerimizden olacakt\u0131r.<\/p><p>Hatay\u2019\u0131m\u0131z\u0131n deprem ger\u00e7e\u011fiyle y\u00fczle\u015fmek, bu konudaki eksiklerimizi gidermek, halk\u0131m\u0131z\u0131 bilin\u00e7lendirmek, deprem fark\u0131ndal\u0131\u011f\u0131n\u0131 art\u0131rarak depreme dayan\u0131kl\u0131 bir kent in\u015fa etmek yolunda \u00e7aba harcamay\u0131 en \u00f6nemli g\u00f6revlerimizden saymaktay\u0131z.<\/p><p>\u0130stanbul yerelinde farkl\u0131 konum ve mevkideki hem\u015fehrilerimizle tan\u0131\u015fmak, onlar\u0131 makamlar\u0131nda ziyaret etmek, kendi i\u015f insanlar\u0131m\u0131zla bulu\u015fmak, yeni i\u015f alanlar\u0131 olu\u015fturmak, i\u015f ili\u015fkilerini geli\u015ftirmek \u00f6nemli g\u00f6rd\u00fc\u011f\u00fcm\u00fcz hizmetlerden olacakt\u0131r.<\/p><p>Cumhuriyetimizin kurucu \u00f6nderi Gazi Mustafa Kemal Atat\u00fcrk\u2019\u00fcn \u201cHatay benim \u015fahsi meselem\u00addir\u201d dedi\u011fi bu kadim topraklar\u0131n gururlu insanlar\u0131 olarak kentimize ve insan\u0131m\u0131za de\u011fer katacak \u00e7al\u0131\u015fmalar yapaca\u011f\u0131m\u0131za dair s\u00f6z veriyor, sayg\u0131lar sunuyoruz.<\/p><p><b>HATAY MEDEN\u0130YETLER\u0130 FEDARASYONU BA\u015eKANI<br \/><\/b><b>EMRE RIDVANO\u011eULLARI<\/b><\/p>\t\t\t\t\t\t\t\t<\/div>\n\t\t\t\t<\/div>\n\t\t\t\t\t<\/div>\n\t\t<\/div>\n\t\t\t\t\t<\/div>\n\t\t<\/section>\n\t\t\t\t<\/div>\n\t\t","protected":false},"excerpt":{"rendered":"<p>HAMEFED FEDERASYON A\u00c7IKLAMAMIZ \u00c7OK KIYMETL\u0130 HEM\u015eEHR\u0130LER\u0130M\u0130ZE VE SAYGI DE\u011eER KAMUOYUNA\u00a0 \u00a0 \u00a0 \u00a0 \u00a0 \u00a0 \u00a0 \u00a0 \u00a0 \u00a0 \u00a0 \u00a0 \u00a0 \u00a0 \u00a0 \u00a0 \u00a0 \u00a0 \u00a0 \u00a0 \u00a0 \u00a0 \u00a0 HATAY MEDEN\u0130YETLER FEDERASYONUMUZUN KURULU\u015e M\u00dcJDES\u0130N\u0130 VERMEKTEN ONUR DUYARIZ\u2026 \u00d6ncelikle \u015fu hususu \u00f6nemle belirtmek isteriz ki; kurulu\u015f amac\u0131m\u0131z, vizyonumuz ve misyonumuzla t\u00fcm hem\u015fehrilerimizin hizmetinde [&hellip;]<\/p>\n","protected":false},"author":2,"featured_media":0,"parent":0,"menu_order":0,"comment_status":"closed","ping_status":"closed","template":"","meta":{"footnotes":""},"class_list":["post-894","page","type-page","status-publish","hentry"],"_links":{"self":[{"href":"https:\/\/hamefed.org\/index.php\/wp-json\/wp\/v2\/pages\/894","targetHints":{"allow":["GET"]}}],"collection":[{"href":"https:\/\/hamefed.org\/index.php\/wp-json\/wp\/v2\/pages"}],"about":[{"href":"https:\/\/hamefed.org\/index.php\/wp-json\/wp\/v2\/types\/page"}],"author":[{"embeddable":true,"href":"https:\/\/hamefed.org\/index.php\/wp-json\/wp\/v2\/users\/2"}],"replies":[{"embeddable":true,"href":"https:\/\/hamefed.org\/index.php\/wp-json\/wp\/v2\/comments?post=894"}],"version-history":[{"count":70,"href":"https:\/\/hamefed.org\/index.php\/wp-json\/wp\/v2\/pages\/894\/revisions"}],"predecessor-version":[{"id":1948,"href":"https:\/\/hamefed.org\/index.php\/wp-json\/wp\/v2\/pages\/894\/revisions\/1948"}],"wp:attachment":[{"href":"https:\/\/hamefed.org\/index.php\/wp-json\/wp\/v2\/media?parent=894"}],"curies":[{"name":"wp","href":"https:\/\/api.w.org\/{rel}","templated":true}]}}