{"id":470,"date":"2025-08-24T14:08:25","date_gmt":"2025-08-24T11:08:25","guid":{"rendered":"https:\/\/hamefed.org\/?page_id=470"},"modified":"2025-10-07T21:34:53","modified_gmt":"2025-10-07T18:34:53","slug":"genclik-kollari","status":"publish","type":"page","link":"https:\/\/hamefed.org\/index.php\/genclik-kollari\/","title":{"rendered":"Gen\u00e7lik Kollar\u0131"},"content":{"rendered":"\t\t<div data-elementor-type=\"wp-page\" data-elementor-id=\"470\" class=\"elementor elementor-470\" data-elementor-post-type=\"page\">\n\t\t\t\t\t\t<section class=\"elementor-section elementor-top-section elementor-element elementor-element-17277c31 elementor-section-height-min-height elementor-section-boxed elementor-section-height-default elementor-section-items-middle\" data-id=\"17277c31\" data-element_type=\"section\" data-settings=\"{&quot;background_background&quot;:&quot;classic&quot;,&quot;shape_divider_bottom&quot;:&quot;mountains&quot;}\">\n\t\t\t\t\t\t\t<div class=\"elementor-background-overlay\"><\/div>\n\t\t\t\t\t\t<div class=\"elementor-shape elementor-shape-bottom\" aria-hidden=\"true\" data-negative=\"false\">\n\t\t\t<svg xmlns=\"http:\/\/www.w3.org\/2000\/svg\" viewBox=\"0 0 1000 100\" preserveAspectRatio=\"none\">\n\t<path class=\"elementor-shape-fill\" opacity=\"0.33\" d=\"M473,67.3c-203.9,88.3-263.1-34-320.3,0C66,119.1,0,59.7,0,59.7V0h1000v59.7 c0,0-62.1,26.1-94.9,29.3c-32.8,3.3-62.8-12.3-75.8-22.1C806,49.6,745.3,8.7,694.9,4.7S492.4,59,473,67.3z\"\/>\n\t<path class=\"elementor-shape-fill\" opacity=\"0.66\" d=\"M734,67.3c-45.5,0-77.2-23.2-129.1-39.1c-28.6-8.7-150.3-10.1-254,39.1 s-91.7-34.4-149.2,0C115.7,118.3,0,39.8,0,39.8V0h1000v36.5c0,0-28.2-18.5-92.1-18.5C810.2,18.1,775.7,67.3,734,67.3z\"\/>\n\t<path class=\"elementor-shape-fill\" d=\"M766.1,28.9c-200-57.5-266,65.5-395.1,19.5C242,1.8,242,5.4,184.8,20.6C128,35.8,132.3,44.9,89.9,52.5C28.6,63.7,0,0,0,0 h1000c0,0-9.9,40.9-83.6,48.1S829.6,47,766.1,28.9z\"\/>\n<\/svg>\t\t<\/div>\n\t\t\t\t\t<div class=\"elementor-container elementor-column-gap-default\">\n\t\t\t\t\t<div class=\"elementor-column elementor-col-100 elementor-top-column elementor-element elementor-element-28d75621\" data-id=\"28d75621\" data-element_type=\"column\">\n\t\t\t<div class=\"elementor-widget-wrap elementor-element-populated\">\n\t\t\t\t\t\t<div class=\"elementor-element elementor-element-2577f1d3 elementor-widget__width-initial elementor-absolute elementor-widget elementor-widget-image\" data-id=\"2577f1d3\" data-element_type=\"widget\" data-settings=\"{&quot;_position&quot;:&quot;absolute&quot;}\" data-widget_type=\"image.default\">\n\t\t\t\t<div class=\"elementor-widget-container\">\n\t\t\t\t\t\t\t\t\t\t\t\t\t\t\t<img fetchpriority=\"high\" decoding=\"async\" width=\"293\" height=\"325\" src=\"https:\/\/hamefed.org\/wp-content\/uploads\/2025\/08\/imgi_33_spade-1.png\" class=\"attachment-large size-large wp-image-598\" alt=\"\" \/>\t\t\t\t\t\t\t\t\t\t\t\t\t\t\t<\/div>\n\t\t\t\t<\/div>\n\t\t\t\t<div class=\"elementor-element elementor-element-48f23dfd elementor-widget__width-inherit elementor-widget elementor-widget-heading\" data-id=\"48f23dfd\" data-element_type=\"widget\" data-widget_type=\"heading.default\">\n\t\t\t\t<div class=\"elementor-widget-container\">\n\t\t\t\t\t<h2 class=\"elementor-heading-title elementor-size-default\">HAMEFED<\/h2>\t\t\t\t<\/div>\n\t\t\t\t<\/div>\n\t\t\t\t<div class=\"elementor-element elementor-element-ee96a9f elementor-widget elementor-widget-heading\" data-id=\"ee96a9f\" data-element_type=\"widget\" data-widget_type=\"heading.default\">\n\t\t\t\t<div class=\"elementor-widget-container\">\n\t\t\t\t\t<h2 class=\"elementor-heading-title elementor-size-default\">Hatay Medeniyetler Federasyonu <br>\nGen\u00e7lik Kollar\u0131<\/h2>\t\t\t\t<\/div>\n\t\t\t\t<\/div>\n\t\t\t\t\t<\/div>\n\t\t<\/div>\n\t\t\t\t\t<\/div>\n\t\t<\/section>\n\t\t\t\t<section class=\"elementor-section elementor-top-section elementor-element elementor-element-48abfbc0 elementor-section-boxed elementor-section-height-default elementor-section-height-default\" data-id=\"48abfbc0\" data-element_type=\"section\">\n\t\t\t\t\t\t<div class=\"elementor-container elementor-column-gap-wide\">\n\t\t\t\t\t<div class=\"elementor-column elementor-col-25 elementor-top-column elementor-element elementor-element-2c9d8048\" data-id=\"2c9d8048\" data-element_type=\"column\" data-settings=\"{&quot;background_background&quot;:&quot;classic&quot;}\">\n\t\t\t<div class=\"elementor-widget-wrap elementor-element-populated\">\n\t\t\t\t\t\t<div class=\"elementor-element elementor-element-59ec68c9 elementor-widget elementor-widget-sina_team\" data-id=\"59ec68c9\" data-element_type=\"widget\" data-widget_type=\"sina_team.default\">\n\t\t\t\t<div class=\"elementor-widget-container\">\n\t\t\t\t\t\t\t<div class=\"sina-team clearfix sina-team-box-move\">\r\n\t\t\t\t\t\t\t\t\t\t\t\t<img decoding=\"async\" class=\"\" src=\"https:\/\/hamefed.org\/wp-content\/uploads\/2025\/09\/haydar.jpeg\" alt=\"Haydar Do\u011fan\">\r\n\t\t\t\t\t\t\t\r\n\t\t\t<div class=\"sina-team-content\">\r\n\t\t\t\t\t\t\t\t\t<h5 class=\"sina-team-name\">\r\n\t\t\t\t\t\tHaydar Do\u011fan\t\t\t\t\t<\/h5>\r\n\t\t\t\t\r\n\t\t\t\t\t\t\t\t\t<h6 class=\"sina-team-position\">\r\n\t\t\t\t\t\tGen\u00e7lik Kollar\u0131 \u00dcyesi\t\t\t\t\t<\/h6>\r\n\t\t\t\t\r\n\t\t\t\t\t\t\t\t\t<div class=\"sina-team-desc\">\r\n\t\t\t\t\t\tFederasyonumuzun gen\u00e7lik yap\u0131lanmas\u0131 olarak, dijital d\u00f6n\u00fc\u015f\u00fcm\u00fcn g\u00fcc\u00fcne inan\u0131yoruz.\nBu web sitesini gen\u00e7li\u011fin sesi, etkinliklerin merkezi ve fikirlerin bulu\u015fma noktas\u0131 olarak tasarlad\u0131m.\nAmac\u0131m\u0131z; yenilik\u00e7i, \u00fcretken ve vizyon sahibi gen\u00e7lerle g\u00fc\u00e7l\u00fc bir gelecek in\u015fa etmek.\nHer gencin katk\u0131s\u0131yla daha modern, daha g\u00fc\u00e7l\u00fc bir federasyon yarataca\u011f\u0131m\u0131za inan\u0131yorum.\t\t\t\t\t<\/div>\r\n\t\t\t\t\r\n\t\t\t\t<ul class=\"sina-team-social\">\r\n\t\t\t\t\t\t\t\t\t\t\t<li class=\"elementor-repeater-item-597bca9\">\r\n\t\t\t\t\t\t\t<a class=\"\" href=\"https:\/\/linkedin.com\/in\/haydardogan\" target=\"_blank\" rel=\"noopener\">\r\n\t\t\t\t\t\t\t\t<i class=\"fa fa-linkedin\"><\/i>\r\n\t\t\t\t\t\t\t<\/a>\r\n\t\t\t\t\t\t<\/li>\r\n\t\t\t\t\t\t\t\t\t\t\t<li class=\"elementor-repeater-item-d5160c4\">\r\n\t\t\t\t\t\t\t<a class=\"\" href=\"https:\/\/instagram.com\/haydardogaann\" target=\"_blank\" rel=\"noopener\">\r\n\t\t\t\t\t\t\t\t<i class=\"fa fa-instagram\"><\/i>\r\n\t\t\t\t\t\t\t<\/a>\r\n\t\t\t\t\t\t<\/li>\r\n\t\t\t\t\t\t\t\t\t<\/ul>\r\n\t\t\t<\/div>\r\n\t\t<\/div><!-- .sina-team -->\r\n\t\t\t\t\t\t<\/div>\n\t\t\t\t<\/div>\n\t\t\t\t\t<\/div>\n\t\t<\/div>\n\t\t\t\t<div class=\"elementor-column elementor-col-25 elementor-top-column elementor-element elementor-element-38e2d393\" data-id=\"38e2d393\" data-element_type=\"column\" data-settings=\"{&quot;background_background&quot;:&quot;classic&quot;}\">\n\t\t\t<div class=\"elementor-widget-wrap\">\n\t\t\t\t\t\t\t<\/div>\n\t\t<\/div>\n\t\t\t\t<div class=\"elementor-column elementor-col-25 elementor-top-column elementor-element elementor-element-19469e1d\" data-id=\"19469e1d\" data-element_type=\"column\" data-settings=\"{&quot;background_background&quot;:&quot;classic&quot;}\">\n\t\t\t<div class=\"elementor-widget-wrap\">\n\t\t\t\t\t\t\t<\/div>\n\t\t<\/div>\n\t\t\t\t<div class=\"elementor-column elementor-col-25 elementor-top-column elementor-element elementor-element-7e09516b\" data-id=\"7e09516b\" data-element_type=\"column\" data-settings=\"{&quot;background_background&quot;:&quot;classic&quot;}\">\n\t\t\t<div class=\"elementor-widget-wrap\">\n\t\t\t\t\t\t\t<\/div>\n\t\t<\/div>\n\t\t\t\t\t<\/div>\n\t\t<\/section>\n\t\t\t\t<\/div>\n\t\t","protected":false},"excerpt":{"rendered":"<p>HAMEFED Hatay Medeniyetler Federasyonu Gen\u00e7lik Kollar\u0131 Haydar Do\u011fan Gen\u00e7lik Kollar\u0131 \u00dcyesi Federasyonumuzun gen\u00e7lik yap\u0131lanmas\u0131 olarak, dijital d\u00f6n\u00fc\u015f\u00fcm\u00fcn g\u00fcc\u00fcne inan\u0131yoruz. Bu web sitesini gen\u00e7li\u011fin sesi, etkinliklerin merkezi ve fikirlerin bulu\u015fma noktas\u0131 olarak tasarlad\u0131m. Amac\u0131m\u0131z; yenilik\u00e7i, \u00fcretken ve vizyon sahibi gen\u00e7lerle g\u00fc\u00e7l\u00fc bir gelecek in\u015fa etmek. Her gencin katk\u0131s\u0131yla daha modern, daha g\u00fc\u00e7l\u00fc bir federasyon yarataca\u011f\u0131m\u0131za inan\u0131yorum.<\/p>\n","protected":false},"author":2,"featured_media":0,"parent":0,"menu_order":0,"comment_status":"closed","ping_status":"closed","template":"","meta":{"footnotes":""},"class_list":["post-470","page","type-page","status-publish","hentry"],"_links":{"self":[{"href":"https:\/\/hamefed.org\/index.php\/wp-json\/wp\/v2\/pages\/470","targetHints":{"allow":["GET"]}}],"collection":[{"href":"https:\/\/hamefed.org\/index.php\/wp-json\/wp\/v2\/pages"}],"about":[{"href":"https:\/\/hamefed.org\/index.php\/wp-json\/wp\/v2\/types\/page"}],"author":[{"embeddable":true,"href":"https:\/\/hamefed.org\/index.php\/wp-json\/wp\/v2\/users\/2"}],"replies":[{"embeddable":true,"href":"https:\/\/hamefed.org\/index.php\/wp-json\/wp\/v2\/comments?post=470"}],"version-history":[{"count":31,"href":"https:\/\/hamefed.org\/index.php\/wp-json\/wp\/v2\/pages\/470\/revisions"}],"predecessor-version":[{"id":2136,"href":"https:\/\/hamefed.org\/index.php\/wp-json\/wp\/v2\/pages\/470\/revisions\/2136"}],"wp:attachment":[{"href":"https:\/\/hamefed.org\/index.php\/wp-json\/wp\/v2\/media?parent=470"}],"curies":[{"name":"wp","href":"https:\/\/api.w.org\/{rel}","templated":true}]}}